s digit of 94473?
4
What is the hundred thousands digit of 258731?
2
What is the thousands digit of 23634?
3
What is the thousands digit of 4239544?
9
What is the ten thousands digit of 12554389?
5
What is the millions digit of 3066187?
3
What is the hundred thousands digit of 211872?
2
What is the units digit of 551695?
5
What is the hundreds digit of 5339742?
7
What is the hundreds digit of 245439?
4
What is the hundreds digit of 421181?
1
What is the hundred thousands digit of 211717?
2
What is the units digit of 2508939?
9
What is the ten thousands digit of 3329586?
2
What is the hundred thousands digit of 4094388?
0
What is the units digit of 663784?
4
What is the hundred thousands digit of 8719454?
7
What is the hundred thousands digit of 499534?
4
What is the thousands digit of 222640?
2
What is the ten thousands digit of 2093029?
9
What is the units digit of 2282208?
8
What is the tens digit of 235753?
5
What is the units digit of 61570?
0
What is the units digit of 389887?
7
What is the tens digit of 3366182?
8
What is the tens digit of 3195493?
9
What is the ten millions digit of 22689406?
2
What is the thousands digit of 462588?
2
What is the thousands digit of 135193?
5
What is the hundreds digit of 1025953?
9
What is the hundred thousands digit of 583215?
5
What is the units digit of 3306606?
6
What is the hundreds digit of 1092614?
6
What is the hundreds digit of 2180071?
0
What is the thousands digit of 466853?
6
What is the ten thousands digit of 916832?
1
What is the hundreds digit of 715473?
4
What is the thousands digit of 1276066?
6
What is the ten thousands digit of 5665460?
6
What is the ten thousands digit of 296535?
9
What is the units digit of 625839?
9
What is the thousands digit of 388052?
8
What is the hundred thousands digit of 425815?
4
What is the units digit of 726802?
2
What is the hundreds digit of 1569431?
4
What is the ten thousands digit of 419295?
1
What is the thousands digit of 11081463?
1
What is the units digit of 2021353?
3
What is the millions digit of 1093965?
1
What is the hundreds digit of 574760?
7
What is the hundreds digit of 2093923?
9
What is the hundreds digit of 1336268?
2
What is the thousands digit of 44456?
4
What is the hundred thousands digit of 5990557?
9
What is the thousands digit of 17975218?
5
What is the ten thousands digit of 15477394?
7
What is the ten thousands digit of 1472356?
7
What is the hundred thousands digit of 1612214?
6
What is the hundreds digit of 611764?
7
What is the ten thousands digit of 20992?
2
What is the ten thousands digit of 98676?
9
What is the tens digit of 162958?
5
What is the tens digit of 7471861?
6
What is the tens digit of 2137345?
4
What is the millions digit of 5964719?
5
What is the tens digit of 1039394?
9
What is the tens digit of 3285185?
8
What is the hundred thousands digit of 134158?
1
What is the hundreds digit of 465629?
6
What is the ten thousands digit of 201539?
0
What is the ten thousands digit of 517658?
1
What is the units digit of 5720519?
9
What is the ten thousands digit of 11883387?
8
What is the units digit of 78119?
9
What is the thousands digit of 4276501?
6
What is the units digit of 60678?
8
What is the hundreds digit of 723669?
6
What is the hundred thousands digit of 452396?
4
What is the units digit of 3274642?
2
What is the tens digit of 404727?
2
What is the ten thousands digit of 4046756?
4
What is the hundred thousands digit of 1009417?
0
What is the ten thousands digit of 10718205?
1
What is the ten thousands digit of 16246180?
4
What is the hundreds digit of 455676?
6
What is the thousands digit of 27800603?
0
What is the millions digit of 9221352?
9
What is the tens digit of 294327?
2
What is the units digit of 4695166?
6
What is the hundred thousands digit of 12181632?
1
What is the tens digit of 43949?
4
What is the hundred thousands digit of 1273475?
2
What is the thousands digit of 3252667?
2
What is the units digit of 476608?
8
What is the tens digit of 389596?
9
What is the units digit of 323717?
7
What is the millions digit of 16952086?
6
What is the tens digit of 3633416?
1
What is the hundred thousands digit of 601208?
6
What is the tens digit of 14123027?
2
What is the units digit of 444438?
8
What is the units digit of 17821?
1
What is the thousands digit of 276518?
6
What is the hundred thousands digit of 12885634?
8
What is the ten millions digit of 20184785?
2
What is the tens digit of 286969?
6
What is the hundreds digit of 16632?
6
What is the hundreds digit of 33464953?
9
What is the tens digit of 139572?
7
What is the thousands digit of 11557281?
7
What is the tens digit of 175277?
7
What is the units digit of 6292628?
8
What is the tens digit of 213395?
9
What is the thousands digit of 1688003?
8
What is the units digit of 2889930?
0
What is the ten thousands digit of 149625?
4
What is the units digit of 94086?
6
What is the thousands digit of 3372279?
2
What is the ten thousands digit of 217985?
1
What is the units digit of 130912?
2
What is the hundreds digit of 5748?
7
What is the tens digit of 15358162?
6
What is the ten thousands digit of 1983182?
8
What is the hundreds digit of 4206489?
4
What is the hundreds digit of 130096?
0
What is the hundreds digit of 182381?
3
What is the tens digit of 2556586?
8
What is the ten thousands digit of 46805?
4
What is the hundreds digit of 216897?
8
What is the thousands digit of 180950?
0
What is the units digit of 195090?
0
What is the tens digit of 26974?
7
What is the ten thousands digit of 4883391?
8
What is the thousands digit of 805038?
5
What is the units digit of 9427149?
9
What is the millions digit of 13357545?
3
What is the millions digit of 2298899?
2
What is the thousands digit of 643498?
3
What is the hundred thousands digit of 240296?
2
What is the hundreds digit of 9365323?
3
What is the millions digit of 6486623?
6
What is the hundreds digit of 58399?
3
What is the thousands digit of 343621?
3
What is the units digit of 76506?
6
What is the tens digit of 821700?
0
What is the units digit of 1284229?
9
What is the units digit of 89215?
5
What is the millions digit of 5787220?
5
What is the hundred thousands digit of 956568?
9
What is the hundreds digit of 8364181?
1
What is the hundred thousands digit of 2201424?
2
What is the tens digit of 6848869?
6
What is the ten thousands digit of 24054889?
5
What is the tens digit of 1516451?
5
What is the hundreds digit of 258726?
7
What is the ten thousands digit of 36075?
3
What is the millions digit of 6966474?
6
What is the hundred thousands digit of 8727951?
7
What is the thousands digit of 4741325?
1
What is the hundreds digit of 3977959?
9
What is the hundreds digit of 389327?
3
What is the hundreds digit of 8959884?
8
What is the units digit of 445722?
2
What is the millions digit of 7188501?
7
What is the ten thousands digit of 6370092?
7
What is the thousands digit of 211586?
1
What is the hundreds digit of 185572?
5
What is the tens digit of 905826?
2
What is the millions digit of 1278536?
1
What is the units digit of 3395773?
3
What is the hundred thousands digit of 8993994?
9
What is the millions digit of 7070708?
7
What is the hundreds digit of 196460?
4
What is the thousands digit of 157489?
7
What is the tens digit of 510249?
4
What is the tens digit of 282095?
9
What is the tens digit of 10428984?
8
What is the ten millions digit of 26478179?
2
What is the thousands digit of 363819?
3
What is the hundred thousands digit of 383203?
3
What is the hundreds digit of 961705?
7
What is the hundred thousands digit of 609575?
6
What is the millions digit of 1960275?
1
What is the tens digit of 2246?
4
What is the thousands digit of 50752?
0
What is the tens digit of 539790?
9
What is the hundreds digit of 181008?
0
What is the hundred thousands digit of 13289928?
2
What is the hundred thousands digit of 213145?
2
What is the millions digit of 9429613?
9
What is the tens digit of 103858?
5
What is the hundreds digit of 207364?
3
What is the millions digit of 13743281?
3
What is the thousands digit of 484283?
4
What is the tens digit of 6299130?
3
What is the tens digit of 9927704?
0
What is the ten millions digit of 20379173?
2
What is the hundreds digit of 7398130?
1
What is the u